hen 19789 is divided by 2816?
77
Calculate the remainder when 145965 is divided by 1051.
927
What is the remainder when 253850 is divided by 603?
590
What is the remainder when 11899399 is divided by 174991?
11
What is the remainder when 681502 is divided by 1031?
11
What is the remainder when 436991 is divided by 1637?
1549
What is the remainder when 5764226 is divided by 30?
26
What is the remainder when 183270 is divided by 61032?
174
What is the remainder when 605087632 is divided by 1873?
1871
What is the remainder when 9478517 is divided by 107710?
37
Calculate the remainder when 406220 is divided by 893.
798
What is the remainder when 26311130 is divided by 7368?
2
What is the remainder when 123602481 is divided by 41200808?
57
Calculate the remainder when 6126914 is divided by 765823.
330
Calculate the remainder when 6685119 is divided by 6685046.
73
Calculate the remainder when 19936 is divided by 1970.
236
What is the remainder when 4115680 is divided by 1371719?
523
Calculate the remainder when 700324 is divided by 3785.
99
Calculate the remainder when 165293 is divided by 553.
499
Calculate the remainder when 42190933 is divided by 8.
5
What is the remainder when 752290 is divided by 667?
581
Calculate the remainder when 17319082 is divided by 91.
53
Calculate the remainder when 9877425 is divided by 59.
58
What is the remainder when 32391314 is divided by 52?
46
What is the remainder when 256349 is divided by 919?
867
Calculate the remainder when 379171 is divided by 16479.
154
Calculate the remainder when 2078162 is divided by 2077627.
535
Calculate the remainder when 72708 is divided by 69.
51
Calculate the remainder when 4873752 is divided by 270741.
414
Calculate the remainder when 4983042 is divided by 1245742.
74
Calculate the remainder when 273805 is divided by 2446.
2299
What is the remainder when 7632807 is divided by 2544255?
42
What is the remainder when 1675576 is divided by 1515?
1501
Calculate the remainder when 78843 is divided by 256.
251
Calculate the remainder when 977623 is divided by 19152.
871
Calculate the remainder when 687811 is divided by 20229.
25
Calculate the remainder when 445651 is divided by 148374.
529
Calculate the remainder when 589258 is divided by 6403.
182
What is the remainder when 11472 is divided by 1053?
942
What is the remainder when 60693141 is divided by 1002?
999
What is the remainder when 180854 is divided by 1089?
80
What is the remainder when 7410199 is divided by 7?
6
What is the remainder when 14800 is divided by 14761?
39
What is the remainder when 2076663 is divided by 1798?
1771
What is the remainder when 22618701 is divided by 48?
45
What is the remainder when 332214 is divided by 3859?
340
Calculate the remainder when 2306914 is divided by 109853.
1
What is the remainder when 714552 is divided by 302?
20
What is the remainder when 91788 is divided by 18303?
273
What is the remainder when 2984152 is divided by 22607?
28
What is the remainder when 35307802 is divided by 13?
10
Calculate the remainder when 494678 is divided by 5163.
4193
Calculate the remainder when 3120008 is divided by 170.
168
What is the remainder when 568364 is divided by 1484?
1476
What is the remainder when 12754 is divided by 9129?
3625
What is the remainder when 22432771 is divided by 127?
126
Calculate the remainder when 50477 is divided by 30.
17
What is the remainder when 561927 is divided by 35120?
7
Calculate the remainder when 11643 is divided by 1848.
555
What is the remainder when 82344845 is divided by 194?
187
What is the remainder when 1033113 is divided by 502?
499
What is the remainder when 128570 is divided by 5700?
3170
Calculate the remainder when 215196 is divided by 2011.
19
Calculate the remainder when 165919 is divided by 82892.
135
Calculate the remainder when 5384740 is divided by 726.
724
Calculate the remainder when 641159 is divided by 106851.
53
What is the remainder when 2142874 is divided by 10?
4
Calculate the remainder when 19473004 is divided by 9430.
54
Calculate the remainder when 30686412 is divided by 5114399.
18
What is the remainder when 266 is divided by 129?
8
Calculate the remainder when 6753918 is divided by 865.
863
What is the remainder when 374568 is divided by 869?
29
What is the remainder when 9994647 is divided by 130?
117
Calculate the remainder when 561067 is divided by 2338.
2285
What is the remainder when 795670 is divided by 3977?
270
Calculate the remainder when 2010796 is divided by 2.
0
What is the remainder when 114531 is divided by 12690?
321
What is the remainder when 3178461 is divided by 785?
781
Calculate the remainder when 4259515 is divided by 18203.
13
What is the remainder when 270613 is divided by 18016?
373
What is the remainder when 23595 is divided by 1420?
875
What is the remainder when 387909621 is divided by 12?
9
What is the remainder when 7007 is divided by 659?
417
Calculate the remainder when 2472005 is divided by 36894.
107
Calculate the remainder when 342344 is divided by 6689.
1205
What is the remainder when 1414311 is divided by 353568?
39
What is the remainder when 959204 is divided by 2257?
2236
What is the remainder when 360631 is divided by 359887?
744
What is the remainder when 46451281 is divided by 137?
61
Calculate the remainder when 15278822 is divided by 1.
0
What is the remainder when 302623 is divided by 33624?
7
What is the remainder when 5701286 is divided by 154088?
30
Calculate the remainder when 760999 is divided by 189933.
1267
What is the remainder when 915962 is divided by 2001?
1505
Calculate the remainder when 22909804 is divided by 1857.
1852
What is the remainder when 16624 is divided by 1474?
410
What is the remainder when 49692048 is divided by 12625?
48
What is the remainder when 1384513 is divided by 596?
5
Calculate the remainder when 20007936 is divided by 81333.
18
Calculate the remainder when 20741436 is divided by 233.
9
What is the remainder when 701788 is divided by 1453?
1442
What is the remainder when 17699 is divided by 5757?
428
Calculate the remainder when 3539834 is divided by 16.
10
Calculate the remainder when 8538745 is divided by 224702.
69
Calculate the remainder when 173791 is divided by 34754.
21
What is the remainder when 7440062 is divided by 32208?
14
What is the remainder when 9501512 is divided by 22840?
72
What is the remainder when 293972 is divided by 58777?
87
Calculate the remainder when 109726 is divided by 2466.
1222
What is the remainder when 173052 is divided by 270?
252
What is the remainder when 1047344 is divided by 813?
200
What is the remainder when 4470100 is divided by 1181?
15
What is the remainder when 433383 is divided by 4248?
87
Calculate the remainder when 54301 is divided by 27075.
151
Calculate the remainder when 295486 is divided by 32792.
358
Calculate the remainder when 10474914 is divided by 2009.
1997
What is the remainder when 53842532 is divided by 102?
98
What is the remainder when 175364 is divided by 35044?
144
What is the remainder when 136684 is divided by 4269?
76
Calculate the remainder when 350943 is divided by 2853.
24
Calculate the remainder when 794126 is divided by 133.
116
What is the remainder when 16990851 is divided by 124?
123
Calculate the remainder when 1376906 is divided by 752.
746
Calculate the remainder when 132714361 is divided by 59.
56
What is the remainder when 12313354 is divided by 586348?
46
What is the remainder when 543700 is divided by 5079?
247
What is the remainder when 4095606 is divided by 4095604?
2
What is the remainder when 63716 is divided by 1969?
708
Calculate the remainder when 5189202 is divided by 3564.
18
Calculate the remainder when 1090671 is divided by 65.
36
Calculate the remainder when 82731 is divided by 252.
75
What is the remainder when 434591 is divided by 783?
26
Calculate the remainder when 18054657 is divided by 586.
583
Calculate the remainder when 7237 is divided by 6755.
482
What is the remainder when 40133 is divided by 5723?
72
What is the remainder when 13414468 is divided by 96?
4
Calculate the remainder when 1387419 is divided by 42.
33
Calculate the remainder when 28783 is divided by 28194.
589
What is the remainder when 7649942 is divided by 1037?
1030
What is the remain